{"id":82,"date":"2021-07-08T15:08:02","date_gmt":"2021-07-08T13:08:02","guid":{"rendered":"http:\/\/bondkatten.se\/?page_id=82"},"modified":"2023-07-26T11:53:17","modified_gmt":"2023-07-26T09:53:17","slug":"ansvar","status":"publish","type":"page","link":"https:\/\/bondkatten.se\/index.php\/ansvar\/","title":{"rendered":"Ansvar"},"content":{"rendered":"\n<h2>Djurv\u00e4lf\u00e4rd<\/h2>\n\n\n\n<p>Att katten har b\u00e5de medvetande och k\u00e4nslor \u00e4r nog alla \u00f6verens om nu f\u00f6r tiden. Djurv\u00e4lf\u00e4rd \u00e4r inte enbart att h\u00e5lla djuren friska och vid liv. Det inneb\u00e4r ocks\u00e5 att de ska f\u00e5 utlopp f\u00f6r sina naturliga behov och beteenden. Katten \u00e4r ett rovdjur. Dess h\u00f6gsta \u00f6nskan, eller om n\u00e5n hellre vill kalla det instinkt, \u00e4r att jaga efter byte och att f\u00e5 ungar. Vi vill att bondkatten ska f\u00e5 leva sitt liv i en s\u00e5 ursprunglig milj\u00f6 som m\u00f6jligt, d\u00e4r den f\u00e5r mat, skydd och omv\u00e5rdnad. V\u00e5ra katter har ett hemVi har ansvar f\u00f6r v\u00e5ra lantrasers bevarande. Det \u00e4r inte acceptabelt att en av dem utrotas i f\u00f6rebyggande syfte. V\u00e5rt bevarandearbete med svensk bondkatt bidrar inte till problemet med heml\u00f6sa och f\u00f6rvildade katter. En f\u00f6ruts\u00e4ttning f\u00f6r att en katt ska kunna ing\u00e5 i bevarandearbetet \u00e4r att den \u00e4r bofast och har ett hem. Vi rekommenderar ID-m\u00e4rkning och d\u00e4rmed registrering, d\u00e5 det kan vara det som hj\u00e4lper \u00e4garen att \u00e5terf\u00f6renas med sin katt om den kommit bort.Varje djur\u00e4gare m\u00e5ste ha en plan f\u00f6r att f\u00f6rhindra oplanerad, o\u00f6nskad eller \u00f6verdriven reproduktion. Vi rekommenderar att endast f\u00f6da upp s\u00e5 m\u00e5nga katter som man sj\u00e4lv beh\u00f6ver eller som efterfr\u00e5gas inom bevarandearbetet. Man beh\u00f6ver inte l\u00e5ta en honkatt f\u00e5 maximalt med kattungar under hela sitt liv. Man kan till exempel l\u00e5ta kastrera henne n\u00e4r hon f\u00e5tt \u00f6nskat antal avkommor, men det finns andra s\u00e4tt att l\u00f6sa problemet. Aktuell information om lagar och f\u00f6rordningar hittar du p\u00e5 Jordbruksverkets hemsida. D\u00e4r kan du ocks\u00e5 st\u00e4lla fr\u00e5gor. Vi avst\u00e5r fr\u00e5n egna tolkningar och ger bara raka svar p\u00e5 n\u00e5gra vanliga fr\u00e5gor, d\u00e4refter citerar vi Jordbruksverket.<\/p>\n\n\n\n<p><strong>Fr\u00e5ga 1: M\u00e5ste min katt vara kastrerad om den g\u00e5r fritt ute? <br>Svar \u2013 Nej!<\/strong>&#8221;Kattungar ska vara planerade. Som katt\u00e4gare \u00e4r du skyldig att se till att din katt inte f\u00f6r\u00f6kar sig oplanerat. En planerad kull inneb\u00e4r bland annat att du tar hand om kattungarna. F\u00f6r att f\u00f6rhindra att din katt f\u00f6r\u00f6kar sig oplanerat kan du till exempel: <br>* L\u00e5ta en veterin\u00e4r kastrera katten. <br>* H\u00e5lla katten inomhus vissa perioder p\u00e5 \u00e5ret.<br>* Ha katten i en rastg\u00e5rd. <br>* Ge preventivmedel till din honkatt.&#8221;<a href=\"https:\/\/jordbruksverket.se\/djur\/hastar-och-sallskapsdjur\/katter\/sa-skoter-du-din-katt#h-Kattungar\" target=\"_blank\" rel=\"noreferrer noopener\">https:\/\/jordbruksverket.se\/djur\/hastar-och-sallskapsdjur\/katter\/sa-skoter-du-din-katt#h-Kattungar<\/a><\/p>\n\n\n\n<h4>Fr\u00e5ga 2: F\u00e5r jag sj\u00e4lv avliva min katt? <br>Svar \u2013 Ja!<\/h4>\n\n\n\n<blockquote class=\"wp-block-quote\"><p>&#8221;Om en katt blir allvarligt skadad eller \u00e4r s\u00e5 sv\u00e5rt sjuk att den inte l\u00e4ngre kan leva ett bra liv b\u00f6r den avlivas. Den som avlivar katten ska kunna hantera djur p\u00e5 ett bra s\u00e4tt och beh\u00e4rska den aktuella avlivningsmetoden. Det \u00e4r viktigt att djur som avlivas inte beh\u00f6ver lida. Djur\u00e4gare f\u00e5r avliva sina djur sj\u00e4lva, men det finns regler f\u00f6r hur djur ska avlivas. Det vanligaste \u00e4r att l\u00e5ta en veterin\u00e4r avliva katten med en \u00f6verdos av narkosmedel. Det \u00e4r ocks\u00e5 till\u00e5tet att skjuta en katt om man ha ett vapen med vapenlicens f\u00f6r att f\u00e5 avliva djur. Kattungar som \u00e4r yngre \u00e4n 14 dagar f\u00e5r avlivas genom ett h\u00e5rt slag mot huvudet. Slaget ska d\u00e5 utf\u00f6ras med s\u00e5dan kraft och precision att det medf\u00f6r omedelbar medvetsl\u00f6shet och d\u00f6d. De metoder som \u00e4r till\u00e5tna f\u00f6r att avliva djur finns i v\u00e5ra f\u00f6reskrifter om avlivning.&#8221;<\/p><cite><a href=\"https:\/\/jordbruksverket.se\/djur\/hastar-och-sallskapsdjur\/katter\/sa-skoter-du-din-katt#h-Operativaingreppochavlivning\" target=\"_blank\" rel=\"noreferrer noopener\">https:\/\/jordbruksverket.se\/djur\/hastar-och-sallskapsdjur\/katter\/sa-skoter-du-din-katt#h-Operativaingreppochavlivning<\/a><\/cite><\/blockquote>\n\n\n\n<h4>Fr\u00e5ga 3: F\u00e5r jag avliva vilken katt som helst som springer l\u00f6s? <br>Svar: Nej!<\/h4>\n\n\n\n<blockquote class=\"wp-block-quote\"><p>&#8221;Det \u00e4r inte till\u00e5tet att avliva en katt som springer l\u00f6s utomhus bara f\u00f6r att du tycker att den st\u00f6r. En jaktr\u00e4ttsinnehavare kan dock f\u00e5 avliva en katt om man \u00e4r s\u00e4ker p\u00e5 att den \u00e4r \u00f6vergiven eller f\u00f6rvildad. I t\u00e4tbebyggt omr\u00e5de kr\u00e4vs det polistillst\u00e5nd f\u00f6r att f\u00e5 g\u00f6ra detta. En katt som \u00e4gs av n\u00e5gon f\u00e5r inte r\u00e4knas som \u00f6vergiven eller f\u00f6rvildad.&#8221;<\/p><cite><a href=\"https:\/\/jordbruksverket.se\/djur\/hastar-och-sallskapsdjur\/katter\/sa-skoter-du-din-katt#h-Operativaingreppochavlivning\" target=\"_blank\" rel=\"noreferrer noopener\">https:\/\/jordbruksverket.se\/djur\/hastar-och-sallskapsdjur\/katter\/sa-skoter-du-din-katt#h-Operativaingreppochavlivning<\/a><\/cite><\/blockquote>\n\n\n\n<h4><strong>Fr\u00e5ga 4: M\u00e5ste jag chipm\u00e4rka min katt?<\/strong> <br><strong>Svar \u2013 Ja!<\/strong><\/h4>\n\n\n\n<p>Fr\u00e5n och med 1\/1 2023 blir det lag p\u00e5 att katter ska vara m\u00e4rkta och registrerade.<\/p>\n\n\n\n<p><strong>Fr\u00e5gor med f\u00f6rtydligande svar fr\u00e5n Jordbruksverket <\/strong><\/p>\n\n\n\n<p>Jag upplever att det fortfarande r\u00e5der stor f\u00f6rvirring bland vanliga katt\u00e4gare kring de nya reglerna fr\u00e5n 2020 kring att f\u00f6rebygga oplanerad\/o\u00f6nskad\/\u00f6verdriven reproduktion. Dessa fr\u00e5gor hittar jag inget klart svar p\u00e5:<br><br>1) \u00c4r det skillnad p\u00e5 att sl\u00e4ppa ut en okastrerad hona och okastrerad hane, p\u00e5 s\u00e5 s\u00e4tt att hanen kan sl\u00e4ppas ut utan man bryter mot f\u00f6reskrifterna? En hane f\u00e5r ju inte ungar sj\u00e4lv, s\u00e5som en hona f\u00e5r. Det \u00e4r ju honan som b\u00e4r p\u00e5 ungarna och p\u00e5 s\u00e5 s\u00e4tt kan orsaka &#8221;o\u00f6nskad avkomma&#8221;.<\/p>\n\n\n\n<p><br>2) \u00c4r det till\u00e5tet att sl\u00e4ppa ut sin okastrerade honkatt om man som katt\u00e4gare \u00f6nskar att hon blir gravid, samt t\u00e4nker ta hand om kattungarna enligt de regler som finns? Dvs att djuret inte skulle beh\u00f6va vara kastrerat om \u00e4garen \u00f6nskar en graviditet?<\/p>\n\n\n\n<p>Christina 29 Mar 2022<br><br>H\u00e4r kommer svar p\u00e5 dina fr\u00e5gor fr\u00e5n v\u00e5r djurv\u00e4lf\u00e4rdsenhet.<\/p>\n\n\n\n<p>1) Skillnader mellan att sl\u00e4ppa ut en hankatt eller en honkatt \u00e4r sj\u00e4lvklara. Det handlar som du sj\u00e4lv skriver om konsekvenserna. Konsekvensen blir avkommorna, vilket honkatts \u00e4garen har att hantera. Det \u00e4r allts\u00e5 honkatts h\u00e5llaren som ska besluta om hur avkomma ska hanteras. Om en okastrerad hankatt har fri tillg\u00e5ng till utevistelse s\u00e5 har \u00e4garen till hankatten samma ansvar som \u00e4garen till en honkatt att s\u00e4kerst\u00e4lla att katten \u00e4r l\u00e4mplig att anv\u00e4ndas i avel enligt v\u00e5ra f\u00f6reskrifter.<\/p>\n\n\n\n<p>2) Svar ja. Sj\u00e4lvklart till\u00e5tet om man tar hand om kattungarna (r\u00e5det att kastrera katter ges om man beh\u00f6ver f\u00f6rhindra fortplantning, inte om man vill ha, och sk\u00f6ta, avkommor).<\/p>\n\n\n\n<p>V\u00e5ra texter p\u00e5 v\u00e5r webbplats \u00e4r granskade och inneh\u00e5ller s\u00e4krad information.<br><br>Sara Kundtj\u00e4nst<\/p>\n\n\n\n<p><\/p>\n\n\n\n<figure class=\"wp-block-image\"><img src=\"https:\/\/kundo.se\/site_media\/avatar\/WxZ34W6cXgmp.png\" alt=\"\"\/><\/figure>\n\n\n\n<p><a href=\"https:\/\/kundo.se\/org\/jordbruksverket\/d\/vad-galler-kring-reproduktion-hos-katter\/#c4113697\">7 Apr 2022<\/a><\/p>\n\n\n\n<h2>Vad h\u00e4nder om jag inte chipm\u00e4rker och registrerar min katt?<\/h2>\n\n\n\n<p>S\u00e5 h\u00e4r skriver Jordbruksverket p\u00e5 sin hemsida sernast uppdaterad 26 april 2023<\/p>\n\n\n\n<p>Ett syfte med lagen \u00e4r att det ska bli l\u00e4ttare att \u00e5terf\u00f6rena en upphittad katt med sin \u00e4gare. Om din katt \u00e4r om\u00e4rkt och oregistrerad \u00e4r det sv\u00e5rare att \u00e5terf\u00f6rena den med dig om den springer bort.<\/p>\n\n\n\n<p>L\u00e4nsstyrelsen \u00e4r tillsynsmyndighet och har ansvar f\u00f6r att lagen om m\u00e4rkning och registrering efterlevs. Det \u00e4r ocks\u00e5 l\u00e4nsstyrelsen som fattar beslut om eventuella \u00e5tg\u00e4rder. Det handlar i f\u00f6rsta hand om att informera katt\u00e4garen om att hen ska id-m\u00e4rka och registrera sin katt i Jordbruksverkets register. Om katten f\u00f6rblir om\u00e4rkt och\/eller oregistrerad kan l\u00e4nsstyrelsen f\u00f6rel\u00e4gga om vite i syfte att f\u00e5 katt\u00e4garen att efterleva lagen.<\/p>\n\n\n\n<p><\/p>\n\n\n\n<p><\/p>\n\n\n\n<p><\/p>\n","protected":false},"excerpt":{"rendered":"<p>Djurv\u00e4lf\u00e4rd Att katten har b\u00e5de medvetande och k\u00e4nslor \u00e4r nog alla \u00f6verens om nu f\u00f6r tiden. Djurv\u00e4lf\u00e4rd \u00e4r inte enbart att h\u00e5lla djuren friska och<\/p>\n","protected":false},"author":1,"featured_media":0,"parent":0,"menu_order":0,"comment_status":"closed","ping_status":"closed","template":"","meta":{"_monsterinsights_skip_tracking":false,"_monsterinsights_sitenote_active":false,"_monsterinsights_sitenote_note":"","_monsterinsights_sitenote_category":0,"ngg_post_thumbnail":0},"_links":{"self":[{"href":"https:\/\/bondkatten.se\/index.php\/wp-json\/wp\/v2\/pages\/82"}],"collection":[{"href":"https:\/\/bondkatten.se\/index.php\/wp-json\/wp\/v2\/pages"}],"about":[{"href":"https:\/\/bondkatten.se\/index.php\/wp-json\/wp\/v2\/types\/page"}],"author":[{"embeddable":true,"href":"https:\/\/bondkatten.se\/index.php\/wp-json\/wp\/v2\/users\/1"}],"replies":[{"embeddable":true,"href":"https:\/\/bondkatten.se\/index.php\/wp-json\/wp\/v2\/comments?post=82"}],"version-history":[{"count":67,"href":"https:\/\/bondkatten.se\/index.php\/wp-json\/wp\/v2\/pages\/82\/revisions"}],"predecessor-version":[{"id":1495,"href":"https:\/\/bondkatten.se\/index.php\/wp-json\/wp\/v2\/pages\/82\/revisions\/1495"}],"wp:attachment":[{"href":"https:\/\/bondkatten.se\/index.php\/wp-json\/wp\/v2\/media?parent=82"}],"curies":[{"name":"wp","href":"https:\/\/api.w.org\/{rel}","templated":true}]}}