{"id":1388,"date":"2022-07-10T21:27:20","date_gmt":"2022-07-10T19:27:20","guid":{"rendered":"https:\/\/bondkatten.se\/?page_id=1388"},"modified":"2023-08-21T12:24:03","modified_gmt":"2023-08-21T10:24:03","slug":"annonser","status":"publish","type":"page","link":"https:\/\/bondkatten.se\/index.php\/annonser\/","title":{"rendered":"Annonser"},"content":{"rendered":"\n<h3>Kattungar till salu<\/h3>\n\n\n\n<p><strong>Villkor f\u00f6r annons \u00e4r att b\u00e5da f\u00f6r\u00e4ldrarna \u00e4r genbanksregistrerade. Kattungarna kan anslutas till f\u00f6reningens genbank och f\u00f6reningen utf\u00e4rdar genbanksintyg om k\u00f6paren s\u00e5 \u00f6nskar.<\/strong><\/p>\n\n\n\n<h3>Asker\u00f6d Sk\u00e5ne<\/h3>\n\n\n\n<h5>Kattungar f\u00f6dda juni 2023 i genbank 106<\/h5>\n\n\n\n<p>Leveransklara mitten av september<\/p>\n\n\n\n<p>Tre hanar. Gr\u00e5randiga med vita tecken.<\/p>\n\n\n\n<p>Mor: genbanksregistrerad founder St\u00e4vies Freja, gr\u00e5randig, r\u00f6d och vit. <\/p>\n\n\n\n<p>Far: genbanksregistrerd founder Asker\u00f6ds Balthazar, svart med vita tecken.<\/p>\n\n\n\n<p>Kattungarna har uppfostrats i g\u00e5rdsn\u00e4ra milj\u00f6 i N\u00e4sselbacken, Asker\u00f6d och \u00e4r hanterade<\/p>\n\n\n\n<p>Kontakt: lundberg.louise@gmail.com tel 073 7720005<\/p>\n\n\n\n<figure class=\"wp-block-image size-large is-resized\"><img loading=\"lazy\" src=\"https:\/\/bondkatten.se\/wp-content\/uploads\/2023\/08\/20230719_114518-1-1024x1024.jpg\" alt=\"\" class=\"wp-image-1498\" width=\"412\" height=\"412\" srcset=\"https:\/\/bondkatten.se\/wp-content\/uploads\/2023\/08\/20230719_114518-1-1024x1024.jpg 1024w, https:\/\/bondkatten.se\/wp-content\/uploads\/2023\/08\/20230719_114518-1-300x300.jpg 300w, https:\/\/bondkatten.se\/wp-content\/uploads\/2023\/08\/20230719_114518-1-150x150.jpg 150w, https:\/\/bondkatten.se\/wp-content\/uploads\/2023\/08\/20230719_114518-1-768x768.jpg 768w, https:\/\/bondkatten.se\/wp-content\/uploads\/2023\/08\/20230719_114518-1-1536x1536.jpg 1536w, https:\/\/bondkatten.se\/wp-content\/uploads\/2023\/08\/20230719_114518-1-2048x2048.jpg 2048w\" sizes=\"(max-width: 412px) 100vw, 412px\" \/><figcaption>Hankatt unge<\/figcaption><\/figure>\n\n\n\n<p><\/p>\n\n\n\n<figure class=\"wp-block-image size-large is-resized\"><img loading=\"lazy\" src=\"https:\/\/bondkatten.se\/wp-content\/uploads\/2023\/08\/20230719_114441-1024x1024.jpg\" alt=\"\" class=\"wp-image-1499\" width=\"413\" height=\"409\"\/><figcaption>Hankatt unge<\/figcaption><\/figure>\n\n\n\n<p><\/p>\n\n\n\n<figure class=\"wp-block-image size-large is-resized\"><img loading=\"lazy\" src=\"https:\/\/bondkatten.se\/wp-content\/uploads\/2023\/08\/20230719_113501-1024x1024.jpg\" alt=\"\" class=\"wp-image-1500\" width=\"416\" height=\"405\"\/><figcaption>Hankatt unge<\/figcaption><\/figure>\n\n\n\n<p><\/p>\n\n\n\n<p><\/p>\n\n\n\n<h3>Rya V\u00e4sterg\u00f6tland<\/h3>\n\n\n\n<p><strong>Kattunge f\u00f6dd 20\/5 2023 i genbank nr 7<\/strong><\/p>\n\n\n\n<p>Leveransklar i b\u00f6rjan av september.<\/p>\n\n\n\n<p>En hona m\u00f6rkt gr\u00e5randig.<\/p>\n\n\n\n<p>Mor: genbanksregistrerad Ryds Vega, gr\u00e5 med r\u00f6da tecken.<\/p>\n\n\n\n<p>Far: genbanksregistrerad Ryds Bob, gr\u00e5randig.<\/p>\n\n\n\n<p>Kattungen har uppfostrats i g\u00e5rdsn\u00e4ra milj\u00f6 och \u00e4r tam.<\/p>\n\n\n\n<p>Kontakt: tessmoliis@gmail.com<\/p>\n\n\n\n<p><\/p>\n\n\n\n<figure class=\"wp-block-image size-large is-resized\"><img loading=\"lazy\" src=\"https:\/\/bondkatten.se\/wp-content\/uploads\/2023\/08\/Morliis2023-1024x1024.jpg\" alt=\"\" class=\"wp-image-1501\" width=\"371\" height=\"371\" srcset=\"https:\/\/bondkatten.se\/wp-content\/uploads\/2023\/08\/Morliis2023-1024x1024.jpg 1024w, https:\/\/bondkatten.se\/wp-content\/uploads\/2023\/08\/Morliis2023-300x300.jpg 300w, https:\/\/bondkatten.se\/wp-content\/uploads\/2023\/08\/Morliis2023-150x150.jpg 150w, https:\/\/bondkatten.se\/wp-content\/uploads\/2023\/08\/Morliis2023-768x768.jpg 768w, https:\/\/bondkatten.se\/wp-content\/uploads\/2023\/08\/Morliis2023-1536x1536.jpg 1536w, https:\/\/bondkatten.se\/wp-content\/uploads\/2023\/08\/Morliis2023-2048x2048.jpg 2048w\" sizes=\"(max-width: 371px) 100vw, 371px\" \/><figcaption>Hona unge<\/figcaption><\/figure>\n\n\n\n<p><\/p>\n\n\n\n<h3><strong>Hankatter f\u00f6r avel<\/strong><\/h3>\n\n\n\n<p><strong>Villkor f\u00f6r annons \u00e4r att hankatten ska vara genbanksregistrerad. Ni kommer \u00f6verens om utl\u00e5ning eller mottagning av hankatt.<\/strong><\/p>\n","protected":false},"excerpt":{"rendered":"<p>Kattungar till salu Villkor f\u00f6r annons \u00e4r att b\u00e5da f\u00f6r\u00e4ldrarna \u00e4r genbanksregistrerade. Kattungarna kan anslutas till f\u00f6reningens genbank och f\u00f6reningen utf\u00e4rdar genbanksintyg om k\u00f6paren s\u00e5<\/p>\n","protected":false},"author":2,"featured_media":0,"parent":0,"menu_order":0,"comment_status":"closed","ping_status":"closed","template":"","meta":{"_monsterinsights_skip_tracking":false,"_monsterinsights_sitenote_active":false,"_monsterinsights_sitenote_note":"","_monsterinsights_sitenote_category":0,"ngg_post_thumbnail":0},"_links":{"self":[{"href":"https:\/\/bondkatten.se\/index.php\/wp-json\/wp\/v2\/pages\/1388"}],"collection":[{"href":"https:\/\/bondkatten.se\/index.php\/wp-json\/wp\/v2\/pages"}],"about":[{"href":"https:\/\/bondkatten.se\/index.php\/wp-json\/wp\/v2\/types\/page"}],"author":[{"embeddable":true,"href":"https:\/\/bondkatten.se\/index.php\/wp-json\/wp\/v2\/users\/2"}],"replies":[{"embeddable":true,"href":"https:\/\/bondkatten.se\/index.php\/wp-json\/wp\/v2\/comments?post=1388"}],"version-history":[{"count":21,"href":"https:\/\/bondkatten.se\/index.php\/wp-json\/wp\/v2\/pages\/1388\/revisions"}],"predecessor-version":[{"id":1505,"href":"https:\/\/bondkatten.se\/index.php\/wp-json\/wp\/v2\/pages\/1388\/revisions\/1505"}],"wp:attachment":[{"href":"https:\/\/bondkatten.se\/index.php\/wp-json\/wp\/v2\/media?parent=1388"}],"curies":[{"name":"wp","href":"https:\/\/api.w.org\/{rel}","templated":true}]}}